he prime factors of 267375.
3, 5, 23, 31
List the prime factors of 3977580.
2, 3, 5, 66293
What are the prime factors of 304593?
3, 101531
What are the prime factors of 7398611?
11, 227, 2963
List the prime factors of 402040.
2, 5, 19, 23
What are the prime factors of 7522963?
7, 1074709
List the prime factors of 7951114.
2, 109, 36473
What are the prime factors of 946094?
2, 107, 4421
List the prime factors of 5953716.
2, 3, 55127
What are the prime factors of 8567327?
383, 22369
List the prime factors of 10728385.
5, 2145677
List the prime factors of 69847.
69847
List the prime factors of 214289.
421, 509
List the prime factors of 4060566.
2, 3, 19, 31, 383
List the prime factors of 5713770.
2, 3, 5, 283, 673
What are the prime factors of 1745387?
7, 249341
What are the prime factors of 322549?
322549
What are the prime factors of 849551?
23, 43, 859
What are the prime factors of 4441423?
7, 109, 5821
What are the prime factors of 55365?
3, 5, 3691
List the prime factors of 162671.
162671
List the prime factors of 396809.
7, 56687
List the prime factors of 649486.
2, 324743
List the prime factors of 194540.
2, 5, 71, 137
List the prime factors of 72028.
2, 11, 1637
List the prime factors of 28241104.
2, 1187, 1487
List the prime factors of 65289.
3, 7, 3109
What are the prime factors of 105556?
2, 11, 2399
List the prime factors of 443024.
2, 27689
What are the prime factors of 227720?
2, 5, 5693
What are the prime factors of 6794539?
6794539
List the prime factors of 3325229.
83, 40063
What are the prime factors of 2517293?
31, 81203
List the prime factors of 857774.
2, 19, 22573
What are the prime factors of 18485348?
2, 7, 37, 2549
What are the prime factors of 29931114?
2, 3, 53, 61, 1543
What are the prime factors of 15636232?
2, 89, 21961
List the prime factors of 549800.
2, 5, 2749
List the prime factors of 5539010.
2, 5, 553901
What are the prime factors of 7054863?
3, 1409, 1669
What are the prime factors of 2857977?
3, 151, 701
What are the prime factors of 2938279?
2938279
List the prime factors of 15915020.
2, 5, 11, 72341
What are the prime factors of 134027?
101, 1327
List the prime factors of 96080.
2, 5, 1201
List the prime factors of 179016.
2, 3, 7459
List the prime factors of 8472019.
263, 32213
List the prime factors of 2775473.
107, 25939
List the prime factors of 2484144.
2, 3, 13, 1327
List the prime factors of 395552.
2, 47, 263
List the prime factors of 8241967.
47, 175361
List the prime factors of 8994733.
11, 19, 43037
List the prime factors of 21018436.
2, 67, 78427
List the prime factors of 2236180.
2, 5, 17, 6577
List the prime factors of 8197321.
11, 631, 1181
What are the prime factors of 629336?
2, 97, 811
List the prime factors of 447265.
5, 7, 13, 983
What are the prime factors of 3422948?
2, 855737
List the prime factors of 14889870.
2, 3, 5, 165443
What are the prime factors of 217372?
2, 31, 1753
List the prime factors of 15446580.
2, 3, 5, 257443
List the prime factors of 78777.
3, 8753
List the prime factors of 18253808.
2, 1140863
List the prime factors of 15030471.
3, 239, 20963
What are the prime factors of 15930271?
7, 79, 28807
List the prime factors of 215501.
11, 13, 137
What are the prime factors of 4944106?
2, 2472053
What are the prime factors of 787919?
11, 83, 863
What are the prime factors of 1250763?
3, 23, 18127
What are the prime factors of 517836?
2, 3, 11, 3923
What are the prime factors of 180871?
180871
List the prime factors of 16959838.
2, 7, 29, 37, 1129
What are the prime factors of 835942?
2, 47, 8893
List the prime factors of 147977.
147977
List the prime factors of 327116.
2, 53, 1543
List the prime factors of 1369890.
2, 3, 5, 31, 491
List the prime factors of 4840349.
4840349
List the prime factors of 11471220.
2, 3, 5, 73, 97
List the prime factors of 6687752.
2, 53, 15773
What are the prime factors of 61125?
3, 5, 163
List the prime factors of 4333855.
5, 89, 9739
List the prime factors of 57092.
2, 7, 2039
List the prime factors of 573952.
2, 19, 59
What are the prime factors of 691255?
5, 138251
List the prime factors of 467497.
467497
What are the prime factors of 1328028?
2, 3, 13, 8513
What are the prime factors of 14074920?
2, 3, 5, 39097
What are the prime factors of 23839595?
5, 13, 29, 12647
What are the prime factors of 721338?
2, 3, 120223
What are the prime factors of 11882495?
5, 61, 38959
What are the prime factors of 4488565?
5, 23, 1697
List the prime factors of 736647.
3, 41, 53, 113
List the prime factors of 8554057.
89, 223, 431
List the prime factors of 3629596.
2, 907399
What are the prime factors of 1456266?
2, 3, 7, 34673
List the prime factors of 8488493.
13, 83, 7867
List the prime factors of 212846.
2, 31, 3433
What are the prime factors of 35895745?
5, 241, 29789
What are the prime factors of 372031?
11, 31, 1091
What are the prime factors of 1509088?
2, 7, 6737
What are the prime factors of 244557?
3, 29, 937
What are the prime factors of 5257010?
2, 5, 11, 47791
List the prime factors of 773395.
5, 7, 19, 1163
What are the prime factors of 407892?
2, 3, 19, 1789
List the prime factors of 6269044.
2, 1567261
List the prime factors of 582714.
2, 3, 11, 109
List the prime factors of 251116.
2, 67, 937
What are the prime factors of 97663?
127, 769
List the prime factors of 892268.
2, 13, 17159
List the prime factors of 1321411.
7, 13, 1117
List the prime factors of 502745.
5, 100549
List the prime factors of 1310584.
2, 11, 53, 281
List the prime factors of 661792.
2, 20681
What are the prime factors of 2415766?
2, 1207883
What are the prime factors of 86117?
86117
What are the prime factors of 124025?
5, 11, 41
What are the prime factors of 26335?
5, 23, 229
List the prime factors of 1352633.
593, 2281
What are the prime factors of 4281240?
2, 3, 5, 35677
List the prime factors of 17648660.
2, 5, 882433
What are the prime factors of 12474347?
12474347
List the prime factors of 1637460.
2, 3, 5, 11, 827
What are the prime factors of 9452736?
2, 3, 16411
What are the prime factors of 413675?
5, 16547
What are the prime factors of 1755713?
1755713
List the prime factors of 3417671.
3417671
List the prime factors of 2368769.
13, 257, 709
List the prime factors of 1250147.
1250147
List the prime factors of 10069742.
2, 5034871
What are the prime factors of 1546?
2, 773
What are the prime factors of 2380664?
2, 11, 13, 2081
List the prime factors of 1706477.
17, 37, 2713
List the prime factors of 353454.
2, 3, 58909
What are the prime factors of 309291?
3, 131, 787
What are the prime factors of 5819057?
5819057
What are the prime factors of 1044406?
2, 11, 29, 1637
List the prime factors of 17697331.
17697331
What are the prime factors of 50919?
3, 11, 1543
List the prime factors of 486052.
2, 7, 17359
List the prime factors of 416020.
2, 5, 11, 31, 61
What are the prime factors of 28350507?
3, 9450169
What are the prime factors of 780959?
37, 21107
What are the prime factors of 258515?
5, 149, 347
What are the prime factors of 400586?
2, 200293
List the prime factors of 8443.
8443
List the prime factors of 95589.
3, 13, 19, 43
What are the prime factors of 120857?
11, 10987
What are the prime factors of 1425396?
2, 3, 7, 71, 239
What are the prime factors of 15828058?
2, 347, 22807
What are the prime factors of 53841?
3, 131, 137
What are the prime factors of 79422?
2, 3, 7, 31, 61
What are the prime factors of 5290840?
2, 5, 349, 379
List the prime factors of 321359.
321359
List the prime factors of 6654663.
3, 246469
What are the prime factors of 6614109?
3, 19, 12893
What are the prime factors of 1998257?
1998257
What are the prime factors of 901655?
5, 180331
List the prime factors of 126641.
126641
List the prime factors of 24919867.
7, 1319, 2699
What are the prime factors of 9760172?
2, 2440043
What are the prime factors of 495013?
73, 6781
List the prime factors of 243649.
7, 34807
List the prime factors of 822066.
2, 3, 7, 23, 37
What are the prime factors of 10683370?
2, 5, 41, 71, 367
What are the prime factors of 9687759?
3, 401, 8053
What are the prime factors of 3854319?
3, 7, 53, 3463
List the prime factors of 35223405.
3, 5, 7, 17, 2819
What are the prime factors of 10488273?
3, 3496091
What are the prime factors of 1984154?
2, 41